-4).
264
Let u(a) = -113*a**2 - 1780*a - 6. Calculate u(-16).
-454
Let u(m) = 2274*m - 582110. Calculate u(256).
34
Let i(w) = -17*w**2 + 22697*w - 25347. Give i(1334).
-1
Let u(a) = 3*a**3 + 383*a**2 - 501*a + 1822. What is u(-129)?
-113
Let y(o) = -17*o**2 + 1664*o - 6229. Calculate y(94).
-25
Let h(k) = 7*k**3 - 139*k**2 - 45*k + 558. What is h(20)?
58
Let j(g) = 362*g + 10702. Determine j(-28).
566
Let h(r) = -69*r - 37792. What is h(-545)?
-187
Let b(p) = -p**2 - 89*p - 785. Determine b(-11).
73
Let k(r) = -2587*r + 452729. Determine k(175).
4
Let h(j) = 143*j - 5182. What is h(38)?
252
Let i(v) = 2280*v + 9857. Calculate i(-4).
737
Let l(s) = -s**3 + 108*s**2 - 165*s + 6248. Calculate l(107).
42
Let k(p) = 5*p**3 + 16*p**2 - 110*p - 77. Determine k(6).
919
Let p(u) = 61*u**2 - 327*u - 1284. What is p(8)?
4
Let h(i) = 10*i**2 + 12*i - 14. Determine h(-8).
530
Let x(w) = -5*w**3 + 39*w**2 - 79*w + 171. Give x(7).
-186
Let o(y) = 2897*y - 11499. Calculate o(4).
89
Let k(r) = 22718*r - 681522. What is k(30)?
18
Let y(t) = 5*t**3 + 527*t**2 + 2040*t + 49. Give y(-4).
1
Let o(t) = -8*t**2 + 741*t - 5097. Determine o(85).
88
Let o(l) = -355*l**2 + 14*l + 26. What is o(-2)?
-1422
Let c(a) = -a**2 + 206*a + 27406. What is c(-92)?
-10
Let k(n) = 188*n**2 + 11427*n - 2384. Determine k(-61).
117
Let t(y) = -811*y - 530570. Calculate t(-654).
-176
Let z(m) = 121*m**2 - 19119*m - 91. Give z(158).
-249
Let k(v) = 17*v**2 - 26*v + 252. What is k(9)?
1395
Let q(m) = -3*m**3 + 281*m**2 + 93*m + 108. Determine q(94).
14
Let p(j) = -2*j**3 + 23*j**2 + 97*j - 657. Calculate p(11).
531
Let j(y) = -1227*y - 45387. Calculate j(-37).
12
Let k(q) = -73539*q - 956014. What is k(-13)?
-7
Let t(x) = -2*x**2 - 202*x + 34856. Calculate t(-192).
-88
Let o(k) = 39078*k + 195390. Determine o(-5).
0
Let s(q) = 125*q**2 - 753*q - 66. Calculate s(6).
-84
Let d(j) = -5*j**2 + 936*j - 936. Determine d(1).
-5
Let v(a) = -a**2 - 1579*a - 114070. Determine v(-76).
158
Let p(o) = 4435*o + 1020046. Determine p(-230).
-4
Let c(o) = -156*o**3 - 15*o**2 - 9*o + 21. Determine c(2).
-1305
Let g(c) = -2*c**2 - 524*c - 17372. Calculate g(-37).
-722
Let x(w) = 3*w**3 - 51*w**2 - 244*w - 6238. Calculate x(24).
2
Let f(m) = -1161*m**3 + 2778*m + 2777. What is f(-1)?
1160
Let z(m) = m**3 - 251*m**2 + 11442*m + 1074. Calculate z(60).
-6
Let f(c) = -1333*c + 3962. What is f(3)?
-37
Let c(n) = n**3 - 10*n**2 - 1621*n + 16292. What is c(10)?
82
Let c(p) = p**3 + 118*p**2 + 81*p - 4305. What is c(-117)?
-93
Let g(n) = 235*n**2 - 681*n - 2464. Give g(5).
6
Let m(p) = -631*p - 33. Determine m(1).
-664
Let c(b) = -93*b**2 + 449*b + 35. What is c(5)?
-45
Let i(p) = -52*p**2 - 2754*p + 42. Give i(-53).
-64
Let v(x) = -25555*x - 357801. Give v(-14).
-31
Let x(m) = 69*m**2 + 1252*m + 370. Determine x(-18).
190
Let k(i) = -2*i**2 - 888*i - 98217. Calculate k(-232).
151
Let p(k) = -k**3 - 166*k**2 - 1840*k - 365563. Determine p(-168).
5
Let p(u) = -154616*u + 5720788. Calculate p(37).
-4
Let b(y) = -y**2 + 761*y + 3054. Determine b(-4).
-6
Let h(p) = p**2 - 206*p + 6375. Calculate h(42).
-513
Let x(k) = -1998410*k + 7993626. Determine x(4).
-14
Let k(j) = -294*j + 20315. Give k(69).
29
Let l(v) = 2789*v - 122701. What is l(44)?
15
Let p(y) = -y**3 + 35*y**2 - 80*y - 349. Give p(5).
1
Let i(j) = 39*j**2 + 206*j - 845. Calculate i(-8).
3
Let q(i) = -726*i - 8012. Give q(-11).
-26
Let b(o) = -4*o**2 + 5428*o - 1761376. Give b(820).
-16
Let s(w) = w**3 + 78*w**2 - 345*w - 14896. What is s(-80)?
-96
Let h(i) = -22*i**3 - i**2 - 236*i - 664. Give h(-3).
629
Let n(x) = -9581*x + 526962. What is n(55)?
7
Let z(a) = -a**3 + 72*a**2 + 741*a - 1067. Calculate z(81).
-95
Let i(o) = 10*o**3 - 187*o**2 + 70*o - 4. Give i(18).
-1012
Let o(b) = 5*b**2 - 165*b - 2449. What is o(-11)?
-29
Let i(o) = -3*o**3 + 79*o**2 - 531*o + 35. Give i(12).
-145
Let y(c) = c**3 + 61*c**2 - 1026*c - 67478. Calculate y(-59).
18
Let r(n) = -73*n**2 - 6715*n - 25702. Give r(-4).
-10
Let k(m) = m**2 - 1583*m - 65540. Calculate k(-40).
-620
Let i(b) = -67*b**2 + 98*b - 198. What is i(2)?
-270
Let h(o) = 6*o**2 - 110*o - 6651. Calculate h(44).
125
Let v(d) = d**3 - 15*d**2 + 2039*d - 15886. What is v(8)?
-22
Let s(h) = 6136*h + 386627. What is s(-63)?
59
Let d(s) = 5*s**3 + 324*s**2 + 5*s - 3. Calculate d(0).
-3
Let v(i) = -7*i**3 - 25*i**2 + 464*i + 12. Give v(-12).
2940
Let v(c) = 254*c**3 - 14*c**2 + 13*c + 11. Calculate v(-1).
-270
Let k(b) = -97924*b + 1664703. What is k(17)?
-5
Let b(g) = -1804*g - 939865. Give b(-521).
19
Let l(w) = 1057*w**2 - 4428*w + 4634. Determine l(2).
6
Let b(x) = x**3 - 65*x**2 - 564*x - 870. Calculate b(-2).
-10
Let l(m) = m**2 + 3269*m - 216250. Determine l(65).
460
Let n(w) = 360*w**2 + 2180*w + 142. Give n(-6).
22
Let u(j) = -1910*j - 2322543. Determine u(-1216).
17
Let z(t) = 204*t**3 + 37*t**2 - 42*t - 46. Calculate z(2).
1650
Let l(p) = -3941*p - 51. Give l(0).
-51
Let h(w) = 2*w**3 + 6*w**2 - 37*w - 464. Give h(-8).
-808
Let g(o) = -3*o**2 + 78906*o - 946673. Determine g(12).
-233
Let c(t) = t**3 - 187*t**2 - 219*t + 5777. Calculate c(188).
-51
Let d(p) = -p**2 + 64*p + 42. Give d(82).
-1434
Let l(p) = 70*p**3 + 5*p**2 - 363*p + 717. Give l(2).
571
Let g(c) = 35956*c + 611259. Give g(-17).
7
Let y(q) = 26*q + 784. What is y(9)?
1018
Let n(c) = -2415731*c + 4831470. Give n(2).
8
Let j(c) = 654*c + 91508. What is j(-140)?
-52
Let x(n) = 957*n**2 + 24078*n + 3830. Calculate x(-25).
5
Let f(i) = -9*i**2 + 637*i - 5882. Give f(60).
-62
Let d(m) = -3175*m + 13779. Determine d(5).
-2096
Let a(n) = 2*n**3 + 243*n**2 + 393*n + 3956. Give a(-120).
-4
Let m(b) = b**3 - 31*b**2 + 40*b + 371. Give m(6).
-289
Let h(y) = y**3 - y**2 + 167*y - 661. What is h(4)?
55
Let w(c) = 563*c**2 + 56872*c + 900. Calculate w(-101).
-9
Let h(t) = -157*t + 2168. Determine h(19).
-815
Let n(a) = a**3 + 304*a**2 + 1695*a - 27669. Calculate n(-298).
45
Let b(j) = -j**3 + 102*j**2 - 1082*j + 22778. Give b(93).
-7
Let h(d) = 5*d**2 - 27*d + 623. Calculate h(25).
3073
Let z(p) = -p**3 + 71*p**2 + 740*p - 8025. Give z(79).
507
Let z(h) = -68*h**2 - 1552*h + 3503. Give z(-25).
-197
Let x(i) = -4145*i - 78838. Calculate x(-19).
-83
Let y(m) = -m**2 - 59*m - 631. Calculate y(-12).
-67
Let k(d) = 37*d**3 + 5*d**2 + 364*d + 1062. Determine k(-3).
-984
Let a(m) = 1004*m + 45045. Give a(-45).
-135
Let r(u) = -u**3 - 14*u**2 + 41*u - 53. Determine r(-12).
-833
Let j(m) = 293*m - 13585. Determine j(46).
-107
Let t(x) = x**2 - 6404*x + 493431. Give t(78).
3
Let j(d) = -1893*d + 467567. Give j(247).
-4
Let t(z) = 652*z + 1841. Calculate t(-3).
-115
Let r(a) = -a**3 - 250*a**2 - 1385*a - 220466. Give r(-248).
6
Let h(b) = -7042*b - 295757. Calculate h(-42).
7
Let t(z) = 4895*z + 24448. Determine t(-5).
-27
Let l(b) = -2*b**2 + 82838*b - 579732. What is l(7)?
36
Let p(n) = -2337*n + 13972. What is p(6)?
-50
Let h(v) = -17760*v - 106486. What is h(-6)?
74
Let l(c) = 6*c**2 + 5913*c + 58528. Determine l(-10).
-2
Let z(q) = -q**3 + 9*q**2 + 41*q - 297. Give z(6).
57
Let b(a) = -37*a - 3431. Determine b(-84).
-323
Let w(n) = 27*n**2 + 23172*n - 18073. Calculate w(-859).
-34
Let f(h) = 1219*h - 613173. What is f(503)?
-16
Let s(w) = 96*w**3 - 48*w**2 - 87*w + 14. Calculate s(-2).
-772
Let z(s) = 1330*s + 48449. Calculate z(-39).
-3421
Let v(u) = 39234*u + 234296. What is v(-6)?
-1108
Let u(p) = -70882*p + 3685865. Determine u(52).
1
Let o(x) = -130*x**3 + 517*x**2 + 38*x - 107. Calculate o(4).
-3
Let c(d) = 450*d - 46373. Determine c(103).
-23
Let y(r) = -15*r**2 - 3053*r + 15587. Give y(5).
-53
Let k(g) = -424865*g - 2124320. Determine k(-5).
5
Let s(b) = -44767*b - 358118. What is s(-8)?
18
Let o(r) = -r**2 + 1741*r - 1. What is o(0)?
-1
Let k(q) = -122044*q + 122071. Determine k(1).
27
Let a(d) = 213400*d - 1280410. Determine a(6).
-10
Let b(h) = 4*h**2 + 6250*h + 31158. Calculate b(-5).
8
Let n(m) = -9*m**2 + 19135*m + 57400. Determine n(-3).
-86
Let z(i) = i**3 - 289*i**2 + 3861*i - 3085. Give z(275).
-60
Let v(g) = 31589*g + 2369166. Give v(-75).
-9
Let d(h) = -h**3 + 28*h**2 + 339*h - 954. Determine d(-11).
36
Let v(o) = 2933703*o - 8801105. Give v(3).
4
Let r(x) = 9*x**3 - 61*x**2 + 79*x - 120. Determine r(5).
-125
Let x(v) = 4*v**2 + 818*v + 745